{"id":78,"date":"2017-12-12T11:24:21","date_gmt":"2017-12-12T15:24:21","guid":{"rendered":"http:\/\/ayuntamiento.guineo\/transparencia\/?page_id=78"},"modified":"2019-09-11T13:02:50","modified_gmt":"2019-09-11T17:02:50","slug":"definicion-oaim-oficina-de-acceso-a-la-informacion-municipal","status":"publish","type":"page","link":"https:\/\/ayuntamientopadrelascasas.gob.do\/transparencia\/definicion-oaim-oficina-de-acceso-a-la-informacion-municipal\/","title":{"rendered":"Definici\u00f3n OAIM (Oficina de Acceso a la Informaci\u00f3n Municipal)"},"content":{"rendered":"<p style=\"text-align: left\"><span style=\"font-size: 14pt\"><strong>La\u00a0Oficina\u00a0de\u00a0Acceso a la Informaci\u00f3n\u00a0(OAI)<\/strong>, es un mandato de la Ley General de\u00a0Libre Acceso a la Informaci\u00f3n P\u00fablica\u00a0Ley 200-04 y el Decreto No. 130-05 que crea el reglamento de dicha ley, con el objetivo de apoyar a entidades y personas tanto\u00a0p\u00fablicas\u00a0como privadas mediante las informaciones solicitadas.<\/span><\/p>\n<p style=\"text-align: left\"><span style=\"font-size: 14pt\">La Ley No. 200-04 de Libre Acceso a la Informaci\u00f3n P\u00fablica, establece como un deber del Estado \u201cbrindar la informaci\u00f3n que esta ley [200-04] establece con car\u00e1cter obligatorio y de disponibilidad y actualizaci\u00f3n permanente y las informaciones que fueran requeridas en forma especial por los interesados\u201d.<\/span><\/p>\n<p style=\"text-align: left\"><span style=\"font-size: 14pt\">El Reglamento de dicha Ley, marcado con el N\u00famero l30-05, establece que \u201cdeber\u00e1 asignarse un Responsable de Acceso a la Informaci\u00f3n (RAI) y organizarse las Oficinas de Acceso a la Informaci\u00f3n (OAI), ante la cual se har\u00e1 efectivo el ejercicio del derecho de acceso a la informaci\u00f3n.<\/span><\/p>\n<p style=\"text-align: left\"><span style=\"font-size: 14pt\"><strong>La MISI\u00d3N<\/strong> de la Oficina de Acceso a la Informaci\u00f3n es de permitir a la ciudadan\u00eda el ejercicio de su derecho de acceso a la informaci\u00f3n, manteniendo los valores de honestidad, integridad, probidad y eficacia.<\/span><\/p>\n<p style=\"text-align: left\"><span style=\"font-size: 14pt\"><strong>Su VISI\u00d3N<\/strong> es servir de apoyo al ejercicio de una administraci\u00f3n p\u00fablica m\u00e1s eficiente y plausible, de manera que el ciudadano pueda conocer y evaluar las actividades realizadas por la instituci\u00f3n.<\/span><\/p>\n","protected":false},"excerpt":{"rendered":"La\u00a0Oficina\u00a0de\u00a0Acceso a la Informaci\u00f3n\u00a0(OAI), es un mandato de la Ley General de\u00a0Libre Acceso a la Informaci\u00f3n P\u00fablica\u00a0Ley 200-04 y el Decreto No. 130-05 que crea el reglamento de dicha ley, con el objetivo de apoyar a entidades y personas tanto\u00a0p\u00fablicas\u00a0como privadas mediante las informaciones solicitadas. La Ley No. 200-04 de Libre Acceso a la Informaci\u00f3n&#8230;","protected":false},"author":4,"featured_media":0,"parent":0,"menu_order":0,"comment_status":"closed","ping_status":"closed","template":"","meta":[],"_links":{"self":[{"href":"https:\/\/ayuntamientopadrelascasas.gob.do\/transparencia\/wp-json\/wp\/v2\/pages\/78"}],"collection":[{"href":"https:\/\/ayuntamientopadrelascasas.gob.do\/transparencia\/wp-json\/wp\/v2\/pages"}],"about":[{"href":"https:\/\/ayuntamientopadrelascasas.gob.do\/transparencia\/wp-json\/wp\/v2\/types\/page"}],"author":[{"embeddable":true,"href":"https:\/\/ayuntamientopadrelascasas.gob.do\/transparencia\/wp-json\/wp\/v2\/users\/4"}],"replies":[{"embeddable":true,"href":"https:\/\/ayuntamientopadrelascasas.gob.do\/transparencia\/wp-json\/wp\/v2\/comments?post=78"}],"version-history":[{"count":4,"href":"https:\/\/ayuntamientopadrelascasas.gob.do\/transparencia\/wp-json\/wp\/v2\/pages\/78\/revisions"}],"predecessor-version":[{"id":382,"href":"https:\/\/ayuntamientopadrelascasas.gob.do\/transparencia\/wp-json\/wp\/v2\/pages\/78\/revisions\/382"}],"wp:attachment":[{"href":"https:\/\/ayuntamientopadrelascasas.gob.do\/transparencia\/wp-json\/wp\/v2\/media?parent=78"}],"curies":[{"name":"wp","href":"https:\/\/api.w.org\/{rel}","templated":true}]}}